ppose -a + 2*q = -209, 0*a + f*q - 424 = -2*a. Is a a prime number?
True
Let z = -86 + 95. Suppose b - z*b = -4520. Is b a prime number?
False
Suppose 0 = -0*k + 7*k - 21. Suppose -p = 4*p + k*c - 751, -p + c + 147 = 0. Is p prime?
True
Let r be (-6*2/(-48))/((-2)/(-16)). Suppose -r*j + 913 = p, j - 2*j = -2*p + 1811. Is p a composite number?
False
Let i(y) = -6*y - 1. Let j = -34 - -12. Let o = 18 + j. Is i(o) a composite number?
False
Let l(v) = 248*v**2 - 9*v - 15. Is l(-4) a prime number?
True
Let x(h) = -4*h**2 - h + 2. Let f be x(1). Is (1 - 2)*(f - 736) a prime number?
True
Suppose 5495*y = 5504*y - 179649. Is y composite?
False
Suppose 5*n - 1 = -m + 6, -3*n = -3*m - 15. Let x be 14/2*(n - -9). Let i = -18 + x. Is i prime?
True
Suppose -3*d = -5*v + 86695 + 184866, -v - 2*d = -54307. Is v a composite number?
False
Let p = 39 + -113. Let b = p - -1333. Is b composite?
False
Let o be (111/(-1) - 2)/1. Let d = 44 + 196. Let c = d + o. Is c a composite number?
False
Let h be 610/210 + 4/42. Is (0 - -955)*h/5 a composite number?
True
Suppose -2*i + 4*m = 2*i - 3488, -2651 = -3*i - 4*m. Is i a composite number?
False
Let f(l) = 83*l + 135. Is f(40) prime?
False
Let b be (-12)/(-5)*19040/48. Let y = b + 237. Is y prime?
False
Suppose 7 - 2 = -r, 5*r = 3*n - 20548. Is n prime?
True
Let a(z) = -16*z**3 - 9*z**2 - 5*z - 5. Let b be a(-5). Suppose 2*c = -3*c + 2*t + b, -t = 3*c - 1088. Is c prime?
False
Let i(w) = -20*w**3 + 51*w**2 + 16*w - 56. Let d(p) = 7*p**3 - 17*p**2 - 5*p + 19. Let t(k) = 17*d(k) + 6*i(k). Is t(12) a composite number?
False
Let y(n) = 402*n**3 - n**2 - 19. Is y(4) a prime number?
True
Suppose -5269 = -4*d + 823. Is d a composite number?
False
Let h(p) = -p**2 + 2*p + 2243. Let n = -35 + 35. Is h(n) composite?
False
Is 186*-10*12/(-10) + -5 a prime number?
False
Let f = 1191 - -26062. Is f a prime number?
True
Let o = 284 - -203. Is o a prime number?
True
Suppose 0 = -2*h - 22 + 82. Let i = 53 + h. Is i prime?
True
Let b(r) = 5125*r - 261. Is b(10) a composite number?
False
Suppose 2*w - 3 + 15 = 0. Let c(i) = -i + 5 + 57*i**2 - 49*i**2 + 0*i + 2*i. Is c(w) a composite number?
True
Let k = 101 - 93. Is 2/k - (-22980)/48 a prime number?
True
Let c(i) be the third derivative of -i**4/24 + 55*i**3/6 + i**2. Let o = -13 + 13. Is c(o) a prime number?
False
Suppose 4*m + 17 = -d, 7 = m + 4*d - 0. Is ((-1381)/(-2))/(m/(-10)*1) prime?
True
Suppose -4*w - 2*u + 160 = -0*w, u + 2 = 0. Let f(y) = y**2 - y. Let s be f(2). Suppose -w = -s*b + 365. Is b a prime number?
False
Let b be (3 - -1)/2 + -5. Let y be b/(-6) + 7749/6. Suppose -4*o = -0*o - y. Is o a composite number?
True
Let y(a) = a**3 - 32*a**2 + 9*a - 11. Is y(36) a prime number?
False
Let l(x) = -2*x**2 - 7*x + 16. Let v be l(-5). Let h = 8 - -160. Is h/2 + 2 + v a composite number?
True
Let v(d) = -7773*d + 68. Is v(-5) prime?
True
Let i(o) = 140*o - 95. Is i(6) a prime number?
False
Suppose 938*d = 945*d - 51758. Is d a prime number?
False
Let i(g) = -7*g + 0*g**2 + g**3 - 5*g**2 - 3*g**2 - 2*g**2 - 16. Let n be i(11). Suppose 2*c = -0*c + n. Is c a prime number?
False
Suppose -3*l - 26 = -8. Let c be 0/(l/(-2)) + 49. Suppose c = -4*j + 197. Is j composite?
False
Let o = 11 - 6. Let l(h) = -2*h + 10. Let i be l(o). Is (-2 - -118) + i + -1 composite?
True
Suppose -5*a + 0*a = -215. Let q = 146 - a. Is q prime?
True
Is 2581 - -43 - -1*3 a prime number?
False
Let g = 9 - 4. Suppose -i = q - 5, -g = -i + 2*q - 0. Suppose -2*k + 10 = -0*k + i*v, 2*k - 12 = -4*v. Is k a composite number?
True
Let q be (-8)/((-7)/3 + 2). Suppose l - 3*k - q = 3*l, 0 = l - 2*k - 2. Is ((-3059)/69)/(2/l) prime?
False
Let s(y) = -4*y**3 - y**2 - y - 1. Let i be s(-1). Let d = 200 + i. Is d a composite number?
True
Suppose 105382 = -5*o + 4*r + 302197, -196790 = -5*o - r. Is o composite?
False
Let m be (-6)/33 + (-27)/33. Let x(k) = 195*k**2 + k. Is x(m) a composite number?
True
Let l(d) = -3014*d - 3. Suppose -5*a = f + 5, 5*a + 4*f + 5 = -0*f. Is l(a) prime?
True
Suppose 3*c = c + 11066. Is c composite?
True
Let p(h) = -3*h - 1. Let m(t) = -t**2 - 5*t - 5. Let q be m(-4). Let c be p(q). Suppose 1662 - 400 = c*l. Is l composite?
False
Suppose 5*x - 1623 = -2*d + 2719, 0 = -2*x + 4*d + 1732. Suppose -r + 2392 = 5*h, 3*r + x = 3*h - 578. Is h a prime number?
True
Suppose -c = g + 1, -3*c - 2*c = -25. Is -2*g/(-18)*381/(-2) prime?
True
Let v(x) = -x**2 + 8*x - 13. Let o be v(6). Let l be o/((-3)/4 + 1). Let q(y) = -38*y + 9. Is q(l) composite?
True
Is (2 - 1)*(-5)/10*-18058 a prime number?
True
Let r be (-12)/(-8)*4 + -2. Suppose a + 2*j + 1259 = r*a, 5 = -5*j. Is a a prime number?
True
Is (26/39)/(2/(-3))*-409 a composite number?
False
Let m = 5 + -3. Suppose -4*x - 2*i = -88, -5*x + m*i = -63 - 47. Suppose s = x + 36. Is s a prime number?
False
Let t(j) = 18018*j**3 - 2*j**2 + 5*j - 4. Is t(1) composite?
True
Let n(p) = p**3 - 3*p**2 - 8*p - 3. Let r be n(6). Let j = r - -112. Is j composite?
True
Let k be (-9 + 0)/(21/14). Let q be (2/4)/(k/108). Is q/(-6)*(-56)/(-6) prime?
False
Suppose 12*n - 23*n + 59191 = 0. Is n a composite number?
False
Let m(y) = 40*y - 7. Let o be m(4). Suppose 5*h = 2*h + o. Is h a prime number?
False
Suppose 0 = 4*r - 2*t - 2*t - 2340, 605 = r + 3*t. Let o = 2199 + r. Is o composite?
False
Let d(f) = 5*f - 2. Let o be d(7). Let g be o/18 - (-1)/6. Suppose -g*n - 11 = 4*y - 113, n - 4*y - 57 = 0. Is n a composite number?
False
Let i(j) = -9*j**2 - 4*j + 4. Let x be i(-4). Suppose 3307 = 12*h - 401. Let y = h + x. Is y composite?
True
Let v(a) = -408*a + 27. Let k(t) = -612*t + 41. Let z(w) = 5*k(w) - 8*v(w). Is z(6) a prime number?
True
Let w(a) = 17 + 2*a**3 + 4 - a**2 - 2*a**2 - 12*a**2 - 9*a. Is w(11) prime?
True
Suppose 0*v + 3 = -5*i + v, -2*v + 6 = 4*i. Suppose -t - t = i. Suppose 4*p - 3*s = 1192, t*p + 2*s = -p + 287. Is p prime?
False
Let o = -3 + 5. Let u(s) = -s - 8*s - 1 + 7*s - 2*s + 9*s**o. Is u(6) a composite number?
True
Suppose 23*b - 22 = 21*b. Let r(x) = 16*x**2 + 15*x - 2. Is r(b) a composite number?
False
Let j = 36 + -21. Let v be j/6 - 2/(-4). Suppose 4*y + 13 = 4*d - 315, -v*y = -3. Is d composite?
False
Suppose 0 = 5*n + 2*v + 3*v - 28955, -23173 = -4*n - v. Is n a prime number?
False
Let a(d) be the third derivative of -d**5/60 - 17*d**4/12 + 17*d**3/3 - 36*d**2. Is a(-17) prime?
False
Suppose s - 3*s + g + 2720 = 0, s - 5*g = 1351. Is s a composite number?
False
Suppose -1834 = -5*u - 444. Suppose 0 = 20*m - 22*m + u. Is m a prime number?
True
Is (-28)/(-70) - 86412/(-20) a composite number?
True
Suppose 2*r = -2*c - 6, -5*r + 2 = -5*c - 13. Is (-19 + 0)/(-1 + r/1) a composite number?
False
Let j(t) = t**2 + 9*t + 4. Let b be j(-9). Suppose 0*u + 4*a = -2*u + 326, 3*u - 479 = b*a. Is u composite?
True
Suppose -2*o - 2 = -3*o. Suppose 4*g - o*k - 50 = 56, 3*g + 5*k = 73. Let j = 11 + g. Is j composite?
False
Let p be 0 - 3*24/18. Is (-1 + 1 - 9096/p) + -3 prime?
False
Suppose -k = 1 - 2. Let y = 11 - k. Is 2/y + 4174/5 composite?
True
Suppose 18342 = 9*m - 6*m + 3*w, 0 = -m + 2*w + 6129. Is m prime?
False
Suppose -4*m + a = -3372, -4*m + 4*a + 3388 = -a. Is 7/(7/4)*m/4 composite?
True
Suppose -5*p - 41 = -56. Suppose -5*f = -5, 2*z - 3757 = -p*z - 2*f. Is z prime?
True
Let f(a) = -a**2 - 11*a + 9. Let k(q) = 2*q**2 + 21*q - 18. Let m(u) = -5*f(u) - 2*k(u). Is m(13) a prime number?
False
Let j = -14349 - -23962. Is j a composite number?
False
Let n = 2366 + -145. Is n prime?
True
Let n = 2084 + -1231. Is n prime?
True
Suppose m - 2*f = f - 12, -5 = -f. Suppose -595 = -m*z - 2*z. Is z prime?
False
Let m = 3 + -13. Let c = 10 + m. Suppose k - 174 = -c*f - 5*f, -2*f - 586 = -4*k. Is k prime?
True
Is (-59747 + 1 - 3)*(-35 - -34) a composite number?
True
Suppose 0 = 4*u - 16 - 44. Let l be 36/(-24) - ((-49)/2 + 0). Suppose 0 = 2*f - l - u. Is f prime?
True
Let x(h) = h**2 + 7*h - 20. Let z be x(-10). Suppose 4*f - 8592 = -g, z*f = 5*f + 4*g + 10761. Is f a prime number?
False
Let p = 70 + -67. Let q(f) = 25*f**3 + 4*f**2 - 5*f - 1. Is q(p) prime?
False
Suppose x - 309 = 2373. Is ((-1)/(-3))/(2/x) composite?
True
Suppose 26514 + 35689 = 17*z. Is z prime?
True
Is (42118/(-4))/((-12)/(69 - -3)) a composite number?
True
Let w(l) be the first derivative 